*s, m*d - 1 - 1 = -s. Determine l(s).
-15
Let f(i) = -2*i**2 - 4*i - 2. Suppose 7*k - 4*v = 5*k - 24, 5*k + v = -5. What is f(k)?
-2
Let w(l) = l**2 + 3*l + 1. Let n be w(-2). Suppose v = 6*v - 40. Let f(q) = 4*q**2 - v + 8 - 13*q**2. What is f(n)?
-9
Suppose -2*u + 2*q = 28, 46 = 3*u - 8*u - q. Let w be 2/u - (-18)/(-10). Let x be (-15)/5 + w/(-2). Let i(l) = -l**3 - l - 1. Calculate i(x).
9
Let q(y) = y - 13 - 2*y - 4 + 10. Calculate q(5).
-12
Let g(p) be the third derivative of -1/24*p**4 + p**3 + 0*p + 0 + 25*p**2. Give g(3).
3
Let g(h) = 0*h - 387*h**2 + 389*h**2 - 6*h. Determine g(4).
8
Let z be (-65)/7 - ((-15)/(-21) + -1). Let g(t) = -t - 6. Give g(z).
3
Let k(j) be the third derivative of 0 + 0*j + 1/6*j**3 - 5*j**2 - 1/12*j**4. Suppose 7*l - 5*l = -4. What is k(l)?
5
Let p(a) = -3 - 4*a - a**3 - a**2 + 8*a**2 - a**2 - a**2. Give p(4).
-3
Let h(q) = q + 2. Let b = 11 + -9. Suppose b*f + 0*r - 28 = -4*r, 0 = -4*f - 5*r + 44. Suppose -5*y = -f*y - 3. Give h(y).
-1
Suppose 4*k - 13 = 10*a - 9*a, -3*a = -k + 6. Let h(g) be the second derivative of 0 - 1/12*g**4 - 8*g - 7/6*g**3 + k*g**2. Give h(-7).
6
Let b(n) = -n + 6. Suppose 0 = 4*t - 7*t - 9. Give b(t).
9
Let t(k) = 3 - k**2 + 2*k**2 - 2 + 2 + 8*k. Let m = 9 - 16. Calculate t(m).
-4
Let t(r) = 2*r**2 + 14*r + 7. Let s = 821 + -828. What is t(s)?
7
Let r(s) be the second derivative of -s**3/6 - s**2/2 + 65*s. Give r(-1).
0
Let v(z) = -4*z - 67. Let g(j) = 5*j + 100. Let c(b) = 5*g(b) + 7*v(b). Determine c(8).
7
Let v(b) = 25*b**2 + 7*b + 20. Let g(y) = -29*y**2 - 6*y - 19. Let u(i) = 6*g(i) + 7*v(i). What is u(-11)?
4
Let l(o) = 2*o**2 - 10*o + 10. Let x(k) = -21*k + 344. Let p be x(16). Determine l(p).
58
Let y(l) = -2*l + 6. Let i be y(11). Let o = i - -12. Let r(d) be the third derivative of -d**5/60 - 5*d**4/24 + d**2. What is r(o)?
4
Let f(z) = -z**3 - 3*z**2 - 4*z - 4. Let i(h) = -h**3 - 18*h**2 - 17*h - 3. Let l = 28 + -45. Let j be i(l). Calculate f(j).
8
Let c(n) = -n**3 - 5*n**2 + 5*n - 1. Let m be c(-6). Let z(o) be the first derivative of 10 - o + o - m + 2*o**2. What is z(-2)?
-8
Let g(c) be the first derivative of -c**2/2 - 6*c + 1. Let y(u) = u**3 + 9*u**2 + 8*u. Suppose -7 - 1 = a. Let x be y(a). What is g(x)?
-6
Let m = -193 + 197. Let k(i) = 3*i - 13. Give k(m).
-1
Let n = 247 - 256. Let a(w) = w**3 + 10*w**2 + 13*w + 13. Determine a(n).
-23
Let s(d) = d**2 - 9*d + 5. Let u be s(7). Let q(g) = -4*g + 7. Give q(u).
43
Let h(l) = -2*l**2 + 15 + 14 - 41 - 11*l**3 + 13. Give h(-1).
10
Let f(n) = 13*n**3 + n**2 - 2*n + 3. Let g(d) = d**3 + 1. Let h(m) = f(m) - 5*g(m). Calculate h(-1).
-7
Let w be -4 - ((-12)/3 + -2). Let z(a) = w*a**2 + a - 13 - a**2 + 16. What is z(0)?
3
Let j(g) = -17*g**3 + 11*g**2 + 3*g - 6. Let w(x) = 37*x**3 - 23*x**2 - 6*x + 14. Let l(p) = 13*j(p) + 6*w(p). Give l(-4).
10
Let y(x) = x**3 - x**2 + 11. Let v = 20 + -15. Suppose 2*w = -f + 18, -3*f + v*w + 54 = w. Let r be 3/f*-3*0. Give y(r).
11
Let b = 166 + -161. Let c(o) be the third derivative of 1/60*o**b - 3/2*o**3 + 0*o + 1/120*o**6 + 5*o**2 + 0*o**4 + 0. Calculate c(0).
-9
Let t(f) = -f + 4. Let y(d) = 3*d + 30. Let m(s) = s + 10. Let a(n) = -11*m(n) + 4*y(n). Let b be a(-6). What is t(b)?
0
Suppose -8*f + 85 = -3. Let i(t) = -f*t + 16*t + 0*t**2 - 3*t**2 + 5*t**2. What is i(-5)?
25
Let k(h) = -h**2 - h + 2. Let r(z) = 3*z**2 + 16*z + 25. Let t(l) = -2*k(l) - r(l). Determine t(-12).
-5
Let i be 1*-1*2/(-1). Let x(d) = 2*d + 5*d + i + 2 + d**2 + 2. Let g(w) = w**2 - 9*w + 10. Let a be g(7). Determine x(a).
-6
Let n(a) be the second derivative of -a**3/6 - 17*a**2/2 + 21*a + 2. Determine n(-20).
3
Let c be 14/((6*-1)/3). Let k(q) = 2*q - 9. Let g(p) = -3*p + 13. Let f(w) = c*k(w) - 5*g(w). Give f(-5).
-7
Let p(x) = -x**3 + 3*x**2 + 8*x**2 - 5*x + 5 - 4*x**2. Let f = -1266 - -1272. Calculate p(f).
11
Let i(k) = 3*k - 5. Let c be 1*(7 + 2 - 4). Calculate i(c).
10
Suppose -7*i + 3*i + 2*d - 24 = 0, 20 = 5*d. Suppose -56*p = -60*p. Let c(x) = p + 6*x - 2 + 5 - 3*x. Determine c(i).
-9
Let w(c) = c**2 - 20*c - 6. Let l be w(20). Let u(r) = -r**2 - 8*r - 3. What is u(l)?
9
Let u(q) = -q + 2. Let j be u(-2). Let b(n) be the second derivative of n**3/3 - 5*n**2/2 + 2*n - 510. Calculate b(j).
3
Let r(w) = -2*w + 108. Let t be r(57). Let a(u) = u**3 + u + 1. Let m(v) = 5*v**3 + 6*v**2 + 3*v + 10. Let c(k) = -4*a(k) + m(k). Calculate c(t).
12
Let s(z) = -19*z + 4. Let k(b) = 8*b - 1. Let o(g) = 3*k(g) + s(g). Calculate o(-4).
-19
Let p(m) be the third derivative of 3*m**5/10 - m**4/24 + m**3/6 - m**2 + 70*m. Give p(1).
18
Let w be 14 - 3 - (0 - 1). Suppose 20 = x - 3*x + 5*i, -3*i + w = -3*x. Let a be (-1 - 0/(-3)) + x. Let f(h) = 4*h**3 - h. What is f(a)?
-3
Suppose 0 = l + 1, -9 = -2*y + 3*l + 2*l. Let s(t) = -260*t + 258*t - 66*t**2 + 65*t**2 + 2. Calculate s(y).
-6
Let u be 4/(16/(-46))*-2. Suppose 6*f - 5*f + u = 0. Let t = f + 22. Let i(m) = 8*m**2 + 1. Calculate i(t).
9
Let q(f) = f**3 + 7*f**2 - 10*f - 3. Let b be q(-8). Let h(l) = l**2 - 13*l - 7. What is h(b)?
-7
Let y = 195 - 192. Let u(w) = -w**2 + 3*w. What is u(y)?
0
Let n(y) be the second derivative of y**5/20 - 5*y**4/12 - y**3 - 11*y**2/2 - 117*y + 1. Determine n(6).
-11
Let z(n) = n + 2. Let j(k) = -7*k - 9. Let o(c) = -j(c) - 6*z(c). Give o(2).
-1
Suppose -3*j + 31 = 4*g, -4*g + 3*j + 46 = j. Let a be 4/(-10) - 46/g. Let k(n) = -2*n. Let q(z) = -z**2 - 12*z + 6. Let u(h) = -5*k(h) + q(h). Calculate u(a).
-9
Suppose 3*k - 4*k + 7 = -2*i, -i - 3*k = 7. Let r be 36/15 + (-4)/10. Let v(n) = -5*n + 3*n**r - 5*n**2 + n**2. Determine v(i).
4
Let o(u) = u**3 - 14. Let y = -16 + 16. Let p be o(y). Let k(i) = i**2 + 15*i + 19. Let z be k(p). Let t(g) = g**3 - 4*g**2 - 5*g + 7. What is t(z)?
7
Let g(r) = -5*r**2 - 32*r + 31. Let u(h) = -2*h**2 - 11*h + 11. Let x(y) = -3*g(y) + 8*u(y). Determine x(4).
11
Suppose 14 = 6*g + 32. Let j(q) = q**2 + 5*q. What is j(g)?
-6
Let r(b) be the first derivative of -b**3/3 + 3*b**2/2 + 4*b + 1. Let t = 117 + -107. Suppose 0 = t*z - 21 - 29. Determine r(z).
-6
Suppose 0 = -8*i - 1096 + 1216. Let j(f) = f**3 - 16*f**2 + 16*f - 16. Calculate j(i).
-1
Let p(u) = 2*u**3 - 5*u**2 - 11*u - 5. Let n(g) = 5*g**3 - 9*g**2 - 23*g - 10. Let d(x) = -3*n(x) + 7*p(x). What is d(-7)?
2
Let o(k) = -k**3 + 4*k**2 - 2*k + 3. Let s = -58 + 63. Suppose -16 = -s*h + 4. Calculate o(h).
-5
Let s(r) = -2*r + 1 - 3 + 3*r + 10. Let u(z) = -8*z**2 - 3*z - 4. Let v be u(-1). Give s(v).
-1
Let f(s) be the second derivative of -s**5/20 - 17*s**4/12 + 3*s**3 + 5*s**2/2 + 112*s. Give f(-18).
5
Let q(k) = -11*k + 21. Let j(w) = -5*w + 12. Let d(h) = -5*j(h) + 3*q(h). Give d(-7).
59
Let s(z) = -z**3 - 3*z**2 + 5*z + 2. Let n = -1041 - -1038. Give s(n).
-13
Let n(y) = y**3 + 5*y**2 + 6. Let i(z) = -z**3 - 6*z**2 + 5*z - 19. Let a be i(-7). Give n(a).
6
Let v(t) = 13*t**2 - 5*t + 13. Let b(l) = -11*l**2 + 5*l - 12. Let d(n) = -6*b(n) - 5*v(n). Give d(5).
7
Let q = 24 + -21. Let m(h) = -h**2 + h**3 - 9*h + 3*h - q*h**2. Let y be 3 + (-3)/(9/(-6)). What is m(y)?
-5
Let d be (-43)/(-12) + 8/(-24) + -3. Let y(i) be the first derivative of -2 + d*i**4 - 2*i**3 + 1/2*i**2 - 7*i. Calculate y(6).
-1
Let a(l) = l**3 - 9*l**2 - 11*l + 4. Suppose 0 = -5*o - 6*r + 2*r + 58, 40 = 5*o - 5*r. Determine a(o).
-6
Let k(x) = x**2 + 6*x - 2. Suppose 3*v = 2*l + 87, -3*v + 2*l = -2*l - 93. Suppose v = 8*f + 75. Calculate k(f).
-2
Let n(k) = -k + 5. Let j(r) = 4*r - 29. Let m(s) = s - 7. Let t(q) = 2*j(q) - 9*m(q). Let d(c) = 5*n(c) - 4*t(c). What is d(-6)?
11
Let o be (-3 - (-3 - 1))*0. Suppose o*w - 36 = 9*w. Let f(j) = j**2 + j - 4. Calculate f(w).
8
Let x(l) = l - 12. Let s be x(21). Let p(b) = 5*b**3 - 9*b**2 - 29. Let y(w) = w**3 - 2*w**2 - 7. Let k(o) = s*y(o) - 2*p(o). Determine k(0).
-5
Let l(q) = 0*q**3 - 3*q - 3*q**3 - 4*q**2 + 6*q**2 + 2*q**3. Suppose -4*w = -2*p, -2*w + 4*p = -0*p - 6. Let i be (0 - 0 - 3)*w. What is l(i)?
-18
Suppose 253*w - 245*w - 144 = 0. Let y(z) = z**2 - 19*z + 2. Determine y(w).
-16
Let j(p) be the first derivative of -p**3/3 + 6*p**2 - 15*p - 539. Determine j(11).
-4
Let g(k) = -k - 9. Let o(z) = 1. Let p(y) = -y - 11. Let f(l) = 6*o(l) + 3*p(l). Let w = 14 + -10. Let r(h) = w*f(h) - 11*g(h). Give r(0).
-9
Let j(d) = d**2 - 6*d 